(6).
-51
Let x(p) = -p**3 + 5*p**2 - 5*p - 3. Give x(5).
-28
Let w(u) = 5*u**3 - 7*u**2 + 8*u - 14. Determine w(4).
226
Let y(u) = -u**3 - 4*u**2 + 2*u + 5. What is y(-3)?
-10
Let n(y) = -y**2 - 8*y + 35. Calculate n(-11).
2
Let f(y) = y**3 - 10*y**2 + 18*y - 19. Determine f(8).
-3
Let t(k) = k**2 + 18*k + 46. What is t(-13)?
-19
Let q(r) = -2*r**2 - 12*r + 7. Give q(-8).
-25
Let z(v) = -v**2 + 4*v - 6. Determine z(6).
-18
Let i(x) = x**2 + 5*x - 8. Give i(2).
6
Let u(r) = -2*r**2 + 46*r - 2. What is u(23)?
-2
Let h(i) = -i**3 - 2*i**2 + i - 1. Calculate h(2).
-15
Let f(c) = -c**2 + 8*c - 5. Give f(6).
7
Let u(p) = p**3 + 17*p**2 + 11*p - 59. Calculate u(-16).
21
Let f(x) = -21*x - 76. Calculate f(-4).
8
Let i(g) = 4*g. Determine i(-10).
-40
Let q(l) = l**3 - l**2 + l + 4. Give q(0).
4
Let k(r) = 5*r - 14. What is k(7)?
21
Let h(n) = -n**3 + 5*n**2 - 6*n + 5. Determine h(4).
-3
Let r(l) = -14*l**3 + l - 1. What is r(1)?
-14
Let s(x) = 5*x + 2. What is s(-5)?
-23
Let f(b) = -b**2 - 32*b - 84. Calculate f(-27).
51
Let l(t) = -4*t + 41. Give l(8).
9
Let q(b) = b - 23. Give q(14).
-9
Let w(g) = -2*g**2 + 11*g - 1. Determine w(6).
-7
Let k(i) = i - 19. Determine k(5).
-14
Let c(p) = -16*p + 1. Determine c(-1).
17
Let l(b) = -b + 27. Calculate l(11).
16
Let z(k) = k**3 + 13*k**2 + 2*k + 11. Calculate z(-13).
-15
Let c(i) = -2*i. Calculate c(-14).
28
Let o(n) = n - 3. Determine o(-13).
-16
Let z(s) = s**3 + s**2 + 2*s - 22. Calculate z(0).
-22
Let d(j) = -41*j + 40. What is d(1)?
-1
Let f(h) = h**2 - 4*h + 4. What is f(2)?
0
Let t(q) = 5*q**2 + 2*q - 3. Give t(2).
21
Let k(r) = -3*r**2 + 2*r - 2. What is k(2)?
-10
Let k(h) = 2*h + 53. Determine k(-27).
-1
Let r(v) = -v**2 + 28*v - 125. What is r(5)?
-10
Let r(x) = -x**2 + 28*x - 129. Give r(22).
3
Let d(w) = w + 18. Calculate d(-24).
-6
Let t(j) = -j**3 - 5*j**2 + 38*j + 9. Calculate t(-9).
-9
Let n(z) = -3*z**3 - 8*z**2 - 7. Determine n(-3).
2
Let x(s) = 2*s + 33. What is x(-14)?
5
Let z(f) = f**2 + 13*f - 7. Determine z(-13).
-7
Let j(f) = -f + 9. Determine j(4).
5
Let r(s) = s**2 + 7*s - 6. What is r(-7)?
-6
Let s(j) = -3*j + 2. Determine s(3).
-7
Let v(b) = b**2 - 16*b + 17. Determine v(15).
2
Let m(q) = -5*q - 7. Determine m(-3).
8
Let w(a) = -10*a - 529. Calculate w(-53).
1
Let n(i) = i**3 - 11*i**2 + 9*i + 11. Calculate n(10).
1
Let r(d) = -14*d + 92. Give r(6).
8
Let u(m) = m**3 - 27*m**2 - 35*m + 188. Give u(28).
-8
Let o(u) = 3*u**3 + u**2 + 5*u + 2. Calculate o(-1).
-5
Let h(z) = 40*z**3 + 2*z**2 + 5*z + 2. Determine h(-1).
-41
Let p(s) = -2*s**2 + s + 3. Determine p(3).
-12
Let b(t) = 124*t + 616. Determine b(-5).
-4
Let u(d) = 20*d + 6. What is u(-3)?
-54
Let h(n) = 15*n + 4. Determine h(-5).
-71
Let w(n) = n**2 - 8*n + 15. Give w(4).
-1
Let p(d) = -15*d. Give p(-1).
15
Let k(w) = 18*w - 28. Determine k(6).
80
Let i(z) = -z + 7. Determine i(6).
1
Let n(q) = -q**3 + 12*q**2 + 12*q + 21. Calculate n(13).
8
Let v(h) = 10*h - 7. Calculate v(1).
3
Let p(z) = -z**2 + 13*z + 10. Calculate p(13).
10
Let y(t) = 23*t**2 - 34*t - 33. Calculate y(-1).
24
Let t(k) = 7*k**2 - 5*k - 7. Calculate t(-2).
31
Let h(b) = b**3 - 9*b**2 + 9*b - 8. Calculate h(9).
73
Let x(a) = -7*a - 5. Calculate x(-6).
37
Let j(b) = b**3 - 4*b**2 - 6*b + 7. What is j(5)?
2
Let j(c) = -c**2 + 10*c + 5. Give j(7).
26
Let i(p) = p**3 + 4*p**2 + p + 11. Calculate i(-3).
17
Let p(r) = r**2 + 10*r - 5. Determine p(-10).
-5
Let o(m) = m**2 - 26*m - 416. Give o(-11).
-9
Let k(c) = 3*c - 16. Calculate k(4).
-4
Let j(k) = -k + 33. Determine j(3).
30
Let s(d) = -d**3 + 9*d**2 - 10*d + 8. What is s(8)?
-8
Let j(c) = c**3 - 10*c**2 + 4*c + 20. Give j(8).
-76
Let z(j) = 17*j + 8. What is z(-2)?
-26
Let t(s) = s**3 + 7*s**2 + 7*s + 3. Determine t(-6).
-3
Let u(h) = -14*h**2 + 5*h - 3. What is u(1)?
-12
Let o(u) = -2*u**2 - 18*u - 53. Give o(-5).
-13
Let y(z) = z**2 - 10*z + 10. Calculate y(8).
-6
Let g(b) = -45*b + 2. What is g(-2)?
92
Let q(p) = -p**2 - 8*p - 15. Determine q(-6).
-3
Let w(d) = -d - 1. Determine w(4).
-5
Let d(z) = 4*z - 70. Give d(23).
22
Let s(b) = 3*b**3 + b**2 + 4. Give s(2).
32
Let h(s) = 2*s**3 - 13*s**2 - 7*s - 2. Determine h(7).
-2
Let l(u) = u**2 - 6*u + 5. Determine l(3).
-4
Let x(w) = w**2 + 37*w + 265. Determine x(-10).
-5
Let h(w) = 10*w + 21. Calculate h(-13).
-109
Let a(o) = -o - 3. Determine a(6).
-9
Let h(y) = -10*y - 11. Calculate h(-1).
-1
Let a(i) = -3*i**3 + 25*i**2 + 20*i - 21. Determine a(9).
-3
Let c(l) = l**3 - l**2 + 3*l + 3. Give c(0).
3
Let r(s) = -s**2 - 9*s - 13. Determine r(-5).
7
Let v(a) = a**2 + 10*a - 16. Determine v(-13).
23
Let o(l) = -l**3 - 11*l**2 + 25*l - 14. Determine o(-13).
-1
Let g(w) = -18*w + 114. What is g(9)?
-48
Let f(t) = 6*t**3 - t. Calculate f(1).
5
Let m(f) = -14*f + 7. Calculate m(-3).
49
Let q(s) = s + 2. Calculate q(-3).
-1
Let b(z) = z**3 + 12*z**2 - z + 9. Calculate b(-12).
21
Let f(v) = v + 4. Determine f(10).
14
Let o(j) = -2*j - 3. What is o(-6)?
9
Let g(m) = -m**3 - m**2 - 2*m + 3. What is g(1)?
-1
Let x(z) = -19*z**2 + z. What is x(-1)?
-20
Let l(o) = 9*o**2 - 2*o + 6. Calculate l(4).
142
Let v(h) = -h**2 + 7*h + 10. Determine v(8).
2
Let v(z) = 5*z + 4. What is v(-7)?
-31
Let v(p) = -p**2 + 13*p - 7. Calculate v(9).
29
Let t(k) = -8*k + 12. Determine t(-6).
60
Let s(a) = -2*a**2 + 3*a + 1. Determine s(3).
-8
Let w(n) = n**3 - 28*n**2 - 62*n + 67. Give w(30).
7
Let k(t) = -14*t + 3. Calculate k(-2).
31
Let o(l) = -l**2 - 2*l + 9. What is o(3)?
-6
Let m(o) = -22*o - 331. Give m(-15).
-1
Let m(r) = -28*r - 259. What is m(-9)?
-7
Let v(z) = -z**3 + 7*z**2 - z - 1. Give v(6).
29
Let k(i) = 44*i - 1. Give k(-1).
-45
Let z(n) = -2*n**2 + 7*n + 6. Give z(5).
-9
Let u(l) = -3*l + 8. Calculate u(5).
-7
Let k(y) = 17*y - 144. What is k(8)?
-8
Let f(u) = 2*u**2 - 5*u - 26. Determine f(-3).
7
Let u(t) = -t**3 + 2*t**2 + 11*t - 1. What is u(4)?
11
Let f(v) = -3*v**2 - 11*v + 3. Give f(-6).
-39
Let t(g) = 11*g - 3. Determine t(1).
8
Let f(i) = -2*i + 1. Give f(-1).
3
Let i(q) = 2*q**2 + 15*q + 25. What is i(-5)?
0
Let h(b) = b - 3. What is h(-7)?
-10
Let q(b) = b**2 + 9*b - 10. Give q(-8).
-18
Let w(u) = -2*u**2 + 2*u + 26. What is w(-4)?
-14
Let u(o) = 4*o + 1. Determine u(2).
9
Let v(w) = w**2 - 6*w - 2. Give v(5).
-7
Let f(h) = 8*h - 46. What is f(4)?
-14
Let t(i) = 3*i**3 + 2*i**2 + i - 1. What is t(-2)?
-19
Let z(w) = 2*w**2 + 2*w + 2. Determine z(-2).
6
Let o(i) = i**3 - 8*i**2 + 13*i - 7. Determine o(6).
-1
Let f(a) = -2*a**3 + 4*a**2 + a - 7. What is f(3)?
-22
Let c(o) = o**3 - 4*o**2 + o - 16. What is c(5)?
14
Let f(s) = s**3 + 9*s**2 + 10*s - 17. What is f(-7)?
11
Let t(l) = -7*l**2 - 61*l + 2. Calculate t(-9).
-16
Let z(o) = o**2 + 6*o - 24. Give z(4).
16
Let x(w) = 63*w**2 + 131*w. Calculate x(-2).
-10
Let k(d) = -5*d**2 + 4*d - 5. Give k(-5).
-150
Let a(j) = -j**2 + 12*j + 9. What is a(12)?
9
Let c(y) = y**3 - y**2 - 3*y - 3. What is c(-1)?
-2
Let d(o) = -o**2 - 4*o. Determine d(-7).
-21
Let j(q) = q**2 + 4*q - 3. Calculate j(6).
57
Let c(l) = -26*l**3 - l**2 - 2*l - 1. Determine c(-1).
26
Let x(l) = -l**3 + 16*l**2 - 12*l + 196. Give x(16).
4
Let i(r) = 5*r - 6. Calculate i(5).
19
Let k(r) = r**3 + 5*r**2 - 3*r + 1. Calculate k(-6).
-17
Let x(v) = -8*v - 3. Calculate x(-1).
5
Let f(v) = 2*v**3 + 2*v**2 - 1. What is f(-2)?
-9
Let x(t) = 2*t**2 - 2*t + 63. What is x(0)?
63
Let f(r) = r**2 + 4*r - 3. Determine f(-6).
9
Let v(k) = -k**2 + 11*k - 14. Give v(10).
-4
Let d(o) = -3*o - 181. What is d(-61)?
2
Let g(r) = -r**2 - 34*r - 135. Determine g(-5).
10
Let v(n) = 34*n - 534. Calculate v(16).
10
Let t(k) = -3*k + 9. Calculate t(3).
0
Let i(s) = -s**3 + 28*s**2 - 173*s + 37. Give i(19).
-1
Let t(g) = g**2 + 24*g - 144. Determine t(-29).
1
Let n(f) = f**2 - 7*f - 12. Determine n(9).
6
Let a(k) = 13*k + 7. What is a(-8)?
-97
Let a(q) = q**3 + 2*q**2 - 5*q - 1. What is a(-3)?
5
Let n(w) = 4*w**2 + 2*w + 2. What is n(3)?
44
Let a(c) = -c**3 + 2*c**2 + 3*c + 2. What is a(3)?
2
Let p(n) = n**3 + n**2 + n + 88. What is p(0)?
88
Let v(x) = 16*x - 8. Calculate v(2).
24
Let s(o) = -11*o + 216. Calculate s(19).
7
Let m(c) = -c**2 + 4*c. Give m(2).
4
Let s(p) = 4*p - 10. Calculate s(8).
22
Let z(v) = -v**2 - 24*v - 41. Determine z(-20).
39
Let q(c) = 23*c**2 + 69*c + 3. 